
-7a
Convert 1 (base 4) to base 8.
1
Convert -241 (base 5) to base 14.
-51
-1 (base 6) to base 2
-1
-3 (base 4) to base 14
-3
2 (base 8) to base 4
2
What is 530 (base 6) in base 16?
c6
-12 (base 8) to base 12
-a
Convert 15 (base 8) to base 6.
21
0 (base 2) to base 3
0
Convert 22 (base 8) to base 13.
15
Convert -206 (base 7) to base 9.
-125
What is -101 (base 4) in base 3?
-122
-2 (base 14) to base 12
-2
Convert -14 (base 13) to base 16.
-11
Convert -11101010 (base 2) to base 16.
-ea
What is -10 (base 11) in base 2?
-1011
-25 (base 8) to base 4
-111
What is -1 (base 12) in base 9?
-1
Convert 10 (base 6) to base 13.
6
Convert -2 (base 4) to base 5.
-2
What is -1a (base 13) in base 7?
-32
What is 2011 (base 3) in base 2?
111010
What is -175 (base 11) in base 13?
-128
What is -4 (base 12) in base 15?
-4
What is 101000 (base 2) in base 3?
1111
Convert -2 (base 13) to base 4.
-2
What is 30 (base 6) in base 7?
24
a (base 13) to base 14
a
Convert 0 (base 12) to base 3.
0
53 (base 15) to base 16
4e
What is -12 (base 5) in base 11?
-7
-344 (base 6) to base 13
-a6
What is 20 (base 7) in base 16?
e
Convert -1103 (base 5) to base 3.
-12200
-45 (base 7) to base 16
-21
What is -1012 (base 3) in base 5?
-112
Convert -12002 (base 3) to base 5.
-1022
-12 (base 7) to base 13
-9
75 (base 13) to base 5
341
What is 223 (base 5) in base 3?
2100
Convert 1a (base 16) to base 6.
42
What is 123 (base 4) in base 5?
102
What is -4 (base 15) in base 16?
-4
What is 217 (base 11) in base 7?
521
Convert 7 (base 15) to base 9.
7
Convert 1000111 (base 2) to base 14.
51
Convert -2b (base 15) to base 9.
-45
Convert 20 (base 7) to base 3.
112
-1 (base 12) to base 8
-1
1 (base 14) to base 8
1
What is 3 (base 5) in base 2?
11
Convert -2 (base 13) to base 2.
-10
-5 (base 13) to base 6
-5
1a (base 12) to base 15
17
-9 (base 11) to base 2
-1001
What is -24 (base 16) in base 12?
-30
121 (base 6) to base 8
61
Convert 101 (base 2) to base 11.
5
Convert -101 (base 4) to base 6.
-25
0 (base 13) to base 10
0
Convert 155 (base 15) to base 5.
2210
-11110 (base 2) to base 11
-28
Convert a0 (base 12) to base 2.
1111000
Convert -17 (base 13) to base 12.
-18
-a (base 16) to base 8
-12
What is -24 (base 16) in base 9?
-40
What is -163 (base 7) in base 11?
-86
What is -33 (base 9) in base 7?
-42
What is 3 (base 12) in base 9?
3
b9 (base 14) to base 9
201
Convert 6 (base 7) to base 15.
6
What is -14 (base 13) in base 16?
-11
-11 (base 2) to base 5
-3
What is 2 (base 15) in base 5?
2
What is 2 (base 6) in base 7?
2
What is 5f (base 16) in base 6?
235
10001 (base 2) to base 12
15
What is 4 (base 16) in base 4?
10
Convert -4a (base 12) to base 16.
-3a
-52 (base 13) to base 9
-74
What is -2 (base 15) in base 6?
-2
Convert 108 (base 9) to base 5.
324
Convert b4 (base 13) to base 3.
12110
Convert -22 (base 14) to base 2.
-11110
-2 (base 10) to base 3
-2
Convert -16 (base 14) to base 6.
-32
What is -1001011 (base 2) in base 14?
-55
Convert 12111 (base 3) to base 12.
104
What is -102 (base 3) in base 4?
-23
Convert 3 (base 9) to base 8.
3
-51 (base 10) to base 2
-110011
-181 (base 13) to base 4
-10102
What is -7 (base 15) in base 12?
-7
Convert 12 (base 10) to base 11.
11
Convert -15 (base 6) to base 14.
-b
Convert 4b (base 12) to base 11.
54
4 (base 6) to base 16
4
-22212 (base 3) to base 2
-11101111
9 (base 11) to base 15
9
10 (base 2) to base 16
2
What is -8 (base 10) in base 5?
-13
What is -30 (base 16) in base 15?
-33
Convert 203 (base 5) to base 13.
41
Convert -10 (base 6) to base 15.
-6
24 (base 7) to base 13
15
What is 5 (base 13) in base 5?
10
Convert -269 (base 11) to base 12.
-225
Convert 56 (base 16) to base 11.
79
What is 11 (base 4) in base 10?
5
25 (base 9) to base 13
1a
Convert -6 (base 10) to base 4.
-12
Convert -16 (base 9) to base 4.
-33
What is 46 (base 10) in base 8?
56
Convert -72 (base 8) to base 12.
-4a
Convert -13 (base 13) to base 14.
-12
Convert 210 (base 7) to base 8.
151
Convert 6 (base 14) to base 16.
6
39 (base 13) to base 7
66
3 (base 9) to base 16
3
-1 (base 11) to base 3
-1
-11002 (base 3) to base 2
-1101110
Convert -61 (base 15) to base 7.
-160
What is 3 (base 9) in base 16?
3
-4 (base 8) to base 5
-4
1011111 (base 2) to base 13
74
3 (base 11) to base 16
3
Convert 2 (base 11) to base 14.
2
a (base 14) to base 10
10
-5 (base 11) to base 3
-12
-42 (base 12) to base 3
-1212
Convert -11 (base 11) to base 7.
-15
What is -5 (base 15) in base 10?
-5
-2 (base 16) to base 13
-2
1 (base 6) to base 15
1
Convert 6 (base 13) to base 4.
12
-110 (base 3) to base 9
-13
Convert -126 (base 8) to base 3.
-10012
12 (base 10) to base 4
30
What is -12201 (base 3) in base 5?
-1104
What is -7 (base 14) in base 15?
-7
Convert -32 (base 14) to base 8.
-54
What is 8 (base 13) in base 16?
8
Convert 53 (base 12) to base 2.
111111
Convert 15 (base 6) to base 8.
13
Convert 93 (base 16) to base 3.
12110
What is 1411 (base 5) in base 6?
1023
Convert 7f (base 16) to base 12.
a7
Convert 302 (base 5) to base 7.
140
174 (base 9) to base 14
a8
0 (base 10) to base 6
0
What is 3 (base 12) in base 2?
11
64 (base 15) to base 11
86
10 (base 5) to base 7
5
Convert -6 (base 8) to base 4.
-12
-353 (base 6) to base 13
-ab
Convert -17 (base 10) to base 7.
-23
-12 (base 14) to base 15
-11
Convert 24 (base 6) to base 2.
10000
What is -1114 (base 7) in base 13?
-250
-19 (base 14) to base 16
-17
-13 (base 7) to base 8
-12
What is -2 (base 13) in base 11?
-2
What is -3222 (base 4) in base 16?
-ea
What is 21 (base 5) in base 9?
12
Convert 112 (base 3) to base 13.
11
300 (base 5) to base 2
1001011
-25 (base 14) to base 3
-1020
What is -11 (base 6) in base 2?
-111
13 (base 6) to base 16
9
What is -17 (base 15) in base 10?
-22
-163 (base 7) to base 11
-86
4 (base 8) to base 6
4
Convert 21 (base 4) to base 13.
9
Convert 101 (base 2) to base 6.
5
Convert 0 (base 2) to base 3.
0
Convert -101011 (base 2) to base 4.
-223
-4 (base 8) to base 16
-4
-2a (base 16) to base 4
-222
Convert 11 (base 4) to base 5.
10
Convert -12 (base 9) to base 12.
-b
8 (base 12) to base 7
11
-d (base 14) to base 9
-14
What is -7 (base 15) in base 10?
-7
Convert -1 (base 4) to base 13.
-1
-1b (base 16) to base 15
-1c
What is -1 (base 2) in base 3?
-1
Convert -12 (base 12) to base 9.
-15
4 (base 13) to base 9
4
54 (base 8) to base 7
62
Convert 13 (base 14) to base 13.
14
What is 4 (base 9) in base 8?
4
What is 3 (base 13) in base 5?
3
Convert -83 (base 13) to base 12.
-8b
Convert 62 (base 11) to base 9.
75
-58 (base 14) to base 11
-71
-6 (base 10) to base 11
-6
Convert 40 (base 14) to base 10.
56
54 (base 9) to base 6
121
-1130 (base 5) to base 6
-433
6b (base 13) to base 4
1121
Convert 1 (base 12) to base 7.
1
Convert 4 (base 16) to base 15.
4
181 (base 12) to base 2
11110001
Convert -36 (base 9) to base 13.
-27
Convert 98 (base 12) to base 5.
431
Convert -11 (base 2) to base 6.
-3
What is 3b (base 14) in base 15?
38
What is -206 (base 7) in base 5?
-404
-67 (base 11) to base 12
-61
What is 2 (base 16) in base 15?
2
What is 76 (base 9) in base 14?
4d
What is 2141 (base 5) in base 4?
10220
What is -2 (base 10) in base 3?
-2
What is 103 (base 12) in base 9?
173
2 (base 6) to base 4
2
What is 20 (base 3) in base 6?
10
Convert 85 (base 9) to base 11.
70
267 (base 13) to base 14
223
What is 80 (base 16) in base 10?
128
21 (base 15) to base 14
23
What is 16 (base 16) in base 6?
34
-11 (base 9) to base 2
-1010
Convert -138 (base 11) to base 3.
-20000
What is 101 (base 3) in base 14?
a
What is -10 (base 13) in base 8?
-15
What is -3 (base 16) in base 14?
-3
Convert 11 (base 8) to base 4.
21
What is 2220 (base 4) in base 11?
143
Convert -24 (base 9) to base 16.
-16
22 (base 6) to base 12
12
What is -10 (base 15) in base 12?
-13
100 (base 3) to base 4
21
What is -1 (base 4) in base 12?
-1
What is 13 (base 15) in base 13?
15
Convert -1 (base 7) to base 9.
-1
Convert -388 (base 10) to base 7.
-1063
Convert b (base 15) to base 4.
23
Convert 97 (base 11) to base 4.
1222
What is 10 (base 2) in base 5?
2
What is -6 (base 14) in base 8?
-6
Convert -1 (base 8) to base 9.
-1
What is 14 (base 10) in base 16?
e
Convert 109 (base 11) to base 3.
11211
Convert 11 (base 2) to base 5.
3
What is 27 (base 13) in base 9?
36
What is -10 (base 8) in base 4?
-20
Convert 1a (base 11) to